 + 3?
-24639
In base 3, what is 0 - -1000010?
1000010
In base 16, what is 179 - f?
16a
In base 16, what is 0 + -e?
-e
In base 5, what is -144 + 10?
-134
In base 16, what is 4 + -e2?
-de
In base 10, what is -4 + -224?
-228
In base 12, what is 11 - -12?
23
In base 14, what is 2 + 0?
2
In base 14, what is 6841 - 5?
683a
In base 3, what is 10 + 20010120?
20010200
In base 3, what is -1222102 - -22?
-1222010
In base 4, what is 111300 - 2?
111232
In base 12, what is 1 - -23bb?
2400
In base 16, what is 168 + -11?
157
In base 7, what is -1045 - -66?
-646
In base 5, what is 2 + -102332?
-102330
In base 4, what is 3213 + 0?
3213
In base 5, what is -32 - 410?
-442
In base 12, what is 381 - -22?
3a3
In base 10, what is -27 + 0?
-27
In base 15, what is -26 - 3?
-29
In base 4, what is 20 + 22?
102
In base 7, what is -5 + -222?
-230
In base 5, what is 2 + -203?
-201
In base 11, what is -5 - a?
-14
In base 11, what is -175a8 - -5?
-175a3
In base 3, what is -112 + 22?
-20
In base 15, what is 1 - 41?
-40
In base 13, what is -2 - 2?
-4
In base 9, what is 1 + 5007?
5008
In base 4, what is 3300 + 11?
3311
In base 5, what is -2 + 1222?
1220
In base 7, what is -10051 - 4?
-10055
In base 11, what is -3 - -30?
28
In base 4, what is 2300 + 1112?
10012
In base 12, what is -2 - 242b?
-2431
In base 14, what is -1a + 3?
-17
In base 2, what is 1 + -110001?
-110000
In base 12, what is 0 + -100?
-100
In base 11, what is -10 - 0?
-10
In base 11, what is 892 - 5?
888
In base 9, what is 14 + -27?
-13
In base 15, what is -ab5 - -3?
-ab2
In base 16, what is -5 - 89e?
-8a3
In base 15, what is 4a1 + -2?
49e
In base 12, what is 14 + -5?
b
In base 7, what is 4 + 416?
423
In base 13, what is 2 + -1c60?
-1c5b
In base 11, what is -325 - 4?
-329
In base 4, what is -11133 + -11?
-11210
In base 16, what is -107 + -1?
-108
In base 2, what is -1111101000 + -1011?
-1111110011
In base 3, what is -101 + 210210?
210102
In base 3, what is -102201122 + -10?
-102201202
In base 5, what is 112 + -120?
-3
In base 5, what is -4 - -33?
24
In base 16, what is -23 - -34?
11
In base 10, what is 107 + 1?
108
In base 8, what is 5 - 33?
-26
In base 4, what is -100 + 33222?
33122
In base 10, what is 2 - -28?
30
In base 12, what is -2 - 34?
-36
In base 14, what is -2 - -c3?
c1
In base 15, what is 1 + -be?
-bd
In base 6, what is -21 - -4?
-13
In base 2, what is -100 + 10101?
10001
In base 7, what is 6251 + -10?
6241
In base 3, what is -1 + 10122?
10121
In base 14, what is -5 - 18c?
-193
In base 11, what is -a + -26?
-35
In base 3, what is 20 - 11?
2
In base 2, what is -101 + 10011101?
10011000
In base 9, what is -22 - 84?
-116
In base 14, what is 31 + 2c?
5d
In base 13, what is 1 - -1a8?
1a9
In base 3, what is 100211 - 2?
100202
In base 10, what is -475 - -39?
-436
In base 11, what is -1a7 - 5?
-201
In base 5, what is -23 + -2?
-30
In base 5, what is -20 - 32?
-102
In base 14, what is 2 + 2a?
2c
In base 6, what is 154 - 10?
144
In base 5, what is 0 - 43?
-43
In base 11, what is -34 - 3?
-37
In base 3, what is -10 + -1010?
-1020
In base 7, what is 6 - 16?
-10
In base 14, what is 1 - bd4?
-bd3
In base 4, what is 30 + 120101?
120131
In base 16, what is -4 - -5e?
5a
In base 13, what is 0 + 132?
132
In base 7, what is -54403 - 5?
-54411
In base 8, what is -5 - 250?
-255
In base 15, what is -43 - -17?
-2b
In base 9, what is 6 + 64?
71
In base 16, what is 5 - 6e9?
-6e4
In base 8, what is -3 - -4620?
4615
In base 9, what is 208 - 0?
208
In base 2, what is 1110011101010 + -101?
1110011100101
In base 16, what is -5 - 28?
-2d
In base 12, what is 3 - 133?
-130
In base 3, what is -2 + 200?
121
In base 12, what is 1929 + -5?
1924
In base 8, what is -57 + -103?
-162
In base 16, what is -1 + 3?
2
In base 10, what is -116 - 121?
-237
In base 15, what is 4 + -5b?
-57
In base 3, what is -22112012 - 12?
-22112101
In base 3, what is -12 + -10202?
-10221
In base 14, what is -a + -32?
-3c
In base 8, what is 5 - -76?
103
In base 8, what is -11354 - 1?
-11355
In base 3, what is 10022020 + 1?
10022021
In base 10, what is 264 + 6?
270
In base 4, what is -11 + -11?
-22
In base 16, what is 93 - 3?
90
In base 7, what is 25 - -1?
26
In base 14, what is -7 + -4d?
-56
In base 9, what is 427 + -17?
410
In base 8, what is -3 + 7?
4
In base 16, what is 0 - 0?
0
In base 8, what is -601 - 0?
-601
In base 5, what is -1443 + -3?
-2001
In base 16, what is 7 + e?
15
In base 3, what is 1 + -21012212?
-21012211
In base 7, what is 2 + -166?
-164
In base 6, what is 4 + -34?
-30
In base 10, what is 0 - -62?
62
In base 8, what is 12 + 27?
41
In base 6, what is -133 - -21?
-112
In base 10, what is -333 - 6?
-339
In base 13, what is 8b + 1?
8c
In base 8, what is 375 + 1?
376
In base 2, what is -1010100111100 - -1?
-1010100111011
In base 4, what is 13120 - 0?
13120
In base 11, what is 2 + -16?
-14
In base 12, what is 5 - 1559?
-1554
In base 8, what is 3 + 5?
10
In base 14, what is 19 - 6?
13
In base 11, what is -44 + 219?
185
In base 10, what is -15132 + 4?
-15128
In base 3, what is -102220 + 12?
-102201
In base 11, what is -47 - 19?
-65
In base 10, what is 364 - 6?
358
In base 16, what is 88c4 + 2?
88c6
In base 15, what is 8a6 - 5?
8a1
In base 15, what is 3 + 77?
7a
In base 14, what is -143 + -4?
-147
In base 12, what is -201 - 1?
-202
In base 10, what is -5 - 151?
-156
In base 11, what is 38 - 6?
32
In base 2, what is 10101100 + 1000?
10110100
In base 3, what is 12212 - 12?
12200
In base 9, what is 3 + -5531?
-5527
In base 15, what is 4d0 + -2?
4cd
In base 5, what is -12 + -1401?
-1413
In base 15, what is 5 - -6c?
72
In base 5, what is 3 - -142?
200
In base 14, what is 565 - 1?
564
In base 9, what is -1816 + -5?
-1822
In base 16, what is -4 + -80?
-84
In base 9, what is -88 - -5?
-83
In base 3, what is -2010210 + -20?
-2011000
In base 3, what is -12 + 102121?
102102
In base 16, what is f - 2?
d
In base 2, what is -1011000 - 1011101?
-10110101
In base 15, what is 103 + a?
10d
In base 8, what is -43 - -17?
-24
In base 16, what is a44 + 0?
a44
In base 9, what is -166 - 0?
-166
In base 10, what is 74 - 2?
72
In base 4, what is 103102 + -10?
103032
In base 5, what is -134 + -3?
-142
In base 6, what is -4040 + 2?
-4034
In base 5, what is 113 + 1304?
1422
In base 11, what is 39 - -589?
617
In base 14, what is 3963 - -4?
3967
In base 5, what is 13 + 32?
100
In base 10, what is -27 + -12?
-39
In base 3, what is 22002121 - 12?
22002102
In base 10, what is -303 - -5?
-298
In base 8, what is -17 + -127?
-146
In base 13, what is -34 + -5?
-39
In base 7, what is -12 + -3?
-15
In base 16, what is 13 + 9?
1c
In base 4, what is -3 - -1133?
1130
In base 11, what is -a9 + 1?
-a8
In base 13, what is -5 - -25?
20
In base 12, what is 1088 + 2?
108a
In base 15, what is 8a + 1d?
a8
In base 4, what is -3 + 31200?
31131
In base 8, what is 2 + 10317?
10321
In base 13, what is 21b + -3?
218
In base 3, what is 1002 - -100110?
101112
In base 7, what is 15 + -1?
14
In base 12, what is -1 + -343?
-344
In base 9, what is -220 - 5?
-225
In base 2, what is -10101011 + 110?
-10100101
In base 5, what is -24 - -13421?
13342
In base 3, what is 12 + 110?
122
In base 4, what is -11 - -200?
123
In base 8, what is 3 - 715?
-712
In base 2, what is 1 - 1000111110?
-1000111101
In base 11, what is -104 + 1?
-103
In base 15, what is 1a - -12?
2c
In base 6, what is 2 - -21?
23
In base 6, what is -1 - -5?
4
In base 2, what is -111101 + -1?
-111110
In base 12, what is -367 - 8?
-373
In base 13, what is 1152 - 2?
1150
In base 9, what is 723 + 4?
727
In base 7, what is -5 + -101?
-106
In base 15, what is -3 - -74?
71
In base 8, what is -603 + -5?
-610
In base 13, what is 4 + -8a?
-86
In base 12, what is 96 - 12?
84
In base 7, what is -201 + 3?
-165
In base 11, what is -834 - 3?
-837
In base 10, what is -1129 - 4?
-1133
In base 4, what is -302 + 10?
-232
In base 5, what is 3 + 1422?
1430
In base 4, what is 10 + 3120?
3130
In base 12, what is -4 - -5b8?
5b4
In base 14, what is b59 + -9?
b50
In base 11, what is -9 - -1729?
1720
In base 11, what is 16 - 4?
12
In base 2, what is -1010000010 + -11?
-1010000101
In base 13, what is -14b9 + -2?
-14bb
In base 4, what is 0 + -112?
-112
In base 6, what is 2332 - 13?
2315
In base 10, what is -1 + 80?
79
In base 14, what is -1 - d9?
-da
In base 2, what is 1001 - -111010011